*y + 2*u, 3*y - 18678 = 5*u + 303. What is the thousands digit of y?
6
Let p(o) = -o**3 + 3*o**2 + 7*o + 4. Let t be p(-2). Suppose 0 = t*m + 2858 - 16958. What is the units digit of m?
0
Let m = -47257 - -99485. What is the tens digit of m?
2
Let k(w) = 34*w + 8. Let s be k(2). Suppose 73*i - s*i = -741. What is the tens digit of i?
4
Let r be 3/(21/(-28))*1. Let u(z) = 34*z**2 + 2*z + 1. What is the units digit of u(r)?
7
Suppose 27*k = 22*k + 15. Suppose k*d + 2*r - 747 = 0, -d + 5*d = -r + 996. What is the units digit of d?
9
Let z be (-31)/(-93) + 3370/6. Let d = -106 + z. What is the units digit of d?
6
Suppose 21*j = 513 - 135. What is the units digit of j*(370/15 - -4)?
6
Let i be (-20)/(-4)*1 - -4. Suppose 2*q + j - i = -2*j, j = 5. What is the hundreds digit of (q + 5 + 492/10)*5?
2
What is the units digit of ((-14)/8)/(352843/(-70564) + 5)?
9
Suppose -8*v - 11 = -3*v + 3*w, -v + w + 1 = 0. Let b be 2 + 1 + -5 + 8. What is the units digit of 298/b + v*2/(-6)?
0
Let i(o) = 127*o**2 - 12*o - 28. Suppose 13*x - 10*x = -12. What is the tens digit of i(x)?
5
Suppose -4*j = -3*n + 22507, -4*n + j = -4*j - 30009. Suppose -n = -9*f - 4*f. Suppose -4*t + 179 = -f. What is the units digit of t?
9
Let j = -1050 - 1177. Let i = 3585 + j. What is the thousands digit of i?
1
Let s be ((-27)/(-6))/(-1*1/(-2)). Let z be (-30)/4*(-72)/s. Let n = z - 52. What is the units digit of n?
8
Let h(v) = -758*v - 1735. What is the units digit of h(-9)?
7
Let u = 62751 + -11027. What is the hundreds digit of u?
7
Suppose -6 - 2 = -8*b. Let x be 0/(2 + -3 + b + 2). Suppose x = -8*q + 1831 - 55. What is the tens digit of q?
2
Suppose 5*j + 6 = 21. Let a(o) = -5*o + 1. Let r be a(j). Let w = 0 - r. What is the units digit of w?
4
Suppose -81072 = -53*q + 51*q - 4*b, b = -4*q + 162095. What is the tens digit of q?
2
Suppose -m - 117 = -165. Let p = m + -45. Suppose -h + d = -29, -5*h + p*d + 0 + 145 = 0. What is the tens digit of h?
2
Let v(r) = r**2 - 11*r - 40. Let z be v(-3). What is the units digit of 2/((-32)/(-6568))*z?
1
Let d(h) = 25*h**2 - 4*h + 4. Let m be ((-2)/5*1)/(2/(-110)). Let r be 8/2*11/m. What is the units digit of d(r)?
6
Let h = 124 - 29. Let y = h - 93. Suppose 3*u + 90 = -y*f + 395, 3*f - 458 = -4*u. What is the units digit of f?
4
Suppose -176*b + 66438 = -25786. What is the tens digit of b?
2
Let h(q) = 1991*q + 940. What is the thousands digit of h(14)?
8
Let a(m) = m**3 - 11*m**2 + 4*m - 10. Let x be a(10). Let h = -22 - x. Suppose h*l - 49*l + 160 = 0. What is the hundreds digit of l?
1
Suppose -2*n + 3122 = -674. Let u = n - 1090. What is the tens digit of u?
0
Let d = -114 - 68. Let q = 615 - d. What is the hundreds digit of q?
7
Suppose 19 = 5*g - 2*y, 0 = -2*g - 2*y + 6*y - 2. Let s(c) = c**2 + 9*c + 4. Let q be s(-15). Suppose -g*u = -4*u - q. What is the units digit of u?
4
Suppose -145*p = 4*n - 146*p - 267269, -25 = 5*p. What is the ten thousands digit of n?
6
What is the units digit of 396/(-22) + 30601 + 5?
8
Let s(b) = 5*b**2 - 32*b + 180. What is the tens digit of s(38)?
8
Let q(i) = -36*i**3 + 5*i**2 + 50*i + 10. What is the tens digit of q(-7)?
5
Let a = -21 + 16. Let n be -5*(2 - -3)/a. Suppose -5*x + 2*b + 740 = 0, 320 = -3*x + n*x + 4*b. What is the units digit of x?
0
Let z(u) = -65*u + 1827. What is the hundreds digit of z(11)?
1
Let d(g) = -102*g - 21. Let o(s) = -203*s - 40. Let f(p) = 5*d(p) - 2*o(p). What is the units digit of f(-5)?
5
What is the thousands digit of 17724 - 336/(13 - -8)?
7
Suppose 2*o + 561 = -7*l, 334 = -2*o + 3*l - 177. Let u(d) = d**3 - 10*d**2 - 5*d - 5. Let a be u(5). Let c = a - o. What is the tens digit of c?
0
Suppose 2809 = 19*w - 13379. Suppose -6*h = -w - 714. What is the hundreds digit of h?
2
What is the tens digit of (-7)/((-567)/3437160) - -1*4/(-54)?
3
Let i = 17919 - 9374. What is the units digit of i?
5
Suppose g + l = 14768, 20*g - 17*g + l - 44288 = 0. What is the thousands digit of g?
4
Let z = 145 - 110. Suppose 0 = 42*a - z*a - 217. Suppose -s + 78 - a = 0. What is the units digit of s?
7
What is the hundreds digit of (1 + (-772)/14 + -5)/((-54)/1764)?
9
Let n(o) = 4*o**2 + o - 4*o**2 - 4*o + 2*o**2 + 8. Let u be n(6). Let b = u - 9. What is the tens digit of b?
5
Suppose -162 = 11*o - 30. Let t be 0/(-1) + (-36)/3*o. Suppose 2*r - 20 = t. What is the units digit of r?
2
Let a(l) = -5*l**2 - 30*l - 79. Let u be a(-18). Let z = u - -1817. What is the tens digit of z?
5
Let k = -25 + 47. Suppose 20*g - k*g = -198. Suppose 3*f + 4*n = 191, 0 = -2*f + 2*n + n + g. What is the units digit of f?
7
Let l(q) = 4*q**2 - 132. Suppose -34 = 5*y - 4*v, -3*y + 0 = -5*v + 10. What is the units digit of l(y)?
8
Let c(f) = 1094*f + 2321. What is the units digit of c(22)?
9
Let o(u) = -3*u + 24*u**3 - 7 - 7*u**2 - 5*u - 14 - 23*u**3. What is the tens digit of o(9)?
6
Suppose 21 = 4*i + 1. Let l = 212 - -112. Suppose -l = -i*d + d. What is the tens digit of d?
8
Suppose v = -2*a + 5*v - 2, -4*a + v + 10 = 0. Let j(d) = 41*d**2 - 4*d + 7. Let w be j(a). Let k = w - 114. What is the units digit of k?
0
What is the hundreds digit of ((-18)/9)/((3/(-1979))/((-45)/(-30)))?
9
Suppose -9*p - p = -50. Suppose 4*m = p*n - 0*n - 239, -268 = 5*m + 4*n. Let o = 81 + m. What is the tens digit of o?
2
Suppose -8*a - 120 = -368. Suppose a*o - 10 = 26*o. What is the tens digit of ((-138)/(-15))/((4/10)/o)?
4
Suppose 0 = -5*b + 2*v + v + 65, 59 = 4*b - v. Suppose 3*y - b = -10. Suppose -3*u - 68 = -2*w, 68 = 2*w - y*u + 6*u. What is the tens digit of w?
3
Suppose 0 = 3*l - 3*c - 0*c + 6, -3*l - 2*c + 14 = 0. Let n = l - 0. Suppose 3*x - 51 = -5*z, 32 = 5*z - n*x - 34. What is the units digit of z?
2
Suppose 2*b = -5*g - 5 - 5, -2*g - 18 = -2*b. Suppose -r - 3*h + b = -9, -121 = -4*r + h. What is the tens digit of r?
2
Suppose 3*x + 21*k - 35811 = 17*k, -k = 2*x - 23864. What is the hundreds digit of x?
9
Let u = 11 + -20. Let f = u + 12. Suppose -2*q - f*q + 200 = 4*o, 3*q - 88 = 4*o. What is the tens digit of q?
3
Let m be (1 - 2)*(-3)/(-6)*42. Let d(q) = -q**3 - 22*q**2 - 26*q + 10. What is the hundreds digit of d(m)?
1
Let j(w) = 5*w**2 - 66*w + 338. What is the ten thousands digit of j(-38)?
1
Let o(n) = -134*n - 1. Let c be o(-1). Let r(j) = j**2 - 51*j - 815. Let m be r(-14). Let g = c + m. What is the hundreds digit of g?
2
Let l(h) = -3*h**2 - 15*h + 5. Let y be l(-5). Suppose -13*n + 8*n = 4*g - 4024, g = -y*n + 4036. What is the units digit of n?
8
Suppose 0 = 2*l + o + 84, o = 3*o - 8. Let p = l + 49. Suppose -p*z + 5*u - 34 = -109, -4*z - 5*u = -105. What is the tens digit of z?
2
Let o = -149 - -159. Suppose 0 = 2*i - 62 - 68. Let d = i - o. What is the units digit of d?
5
Let b = 20 + -16. Suppose -175 - 441 = -4*v + f, 0 = -b*v - f + 616. Suppose 0*g + v = 2*g + 5*l, 308 = 4*g + 5*l. What is the units digit of g?
7
Suppose -15 = 10*v - 13*v. Suppose 2*h = -v*r + 325, 3*r + r = 20. What is the hundreds digit of h?
1
Let p(c) = -1285*c + 200. What is the units digit of p(-6)?
0
Suppose 0 = 2*h - 4*b + 19980, 154*b - 49950 = 5*h + 153*b. What is the units digit of (h/(-72))/((-9)/(-24))?
0
Let h = -13 + -95. Let d = -108 - h. Suppose 2*b + 5*b - 315 = d. What is the units digit of b?
5
Let a(d) = 7*d - 1. Let f(x) = -1. Let g(v) = a(v) - 6*f(v). Let b be g(4). Suppose t + 6 = 3, 4*w - 3*t - b = 0. What is the units digit of w?
6
Let m(r) = -102*r + 96. What is the units digit of m(-16)?
8
Let j = 1880 + 2036. Let a = j + -2311. What is the units digit of a?
5
Suppose -42*n + 70406 - 17207 = -244665. What is the hundreds digit of n?
0
Let w(s) = s**2 - 12*s + 14. Let v be w(15). Let r(j) = -10*j + v + 8*j**2 - 55 + 25*j - j**3. What is the tens digit of r(9)?
5
Suppose -2*n - 3*j = -14453, -4*j = -15*n + 13*n + 14446. What is the units digit of n?
5
Let u be 3 - (-44 - (4 - 6)). Suppose 36*y = u*y - 4455. What is the tens digit of y?
9
What is the units digit of -14 + 0 + 0 + 12882?
8
Suppose 4*d - 15 = -q, -15 = -d - 0*d + 2*q. Suppose -3*o = 2*y - 0*y + 190, -4*o + d*y = 215. What is the units digit of o/(-18)*(-12)/(-10)*1?
4
Suppose 439020 = 11*c + 35*c - c. What is the tens digit of c?
5
Let r be (-7021)/(-5) - (-7 - 252/(-35)). Let f = r - 960. What is the tens digit of f?
4
Suppose 5*i